t are the prime factors of 11799598?
2, 17, 23, 79, 191
List the prime factors of 1039668.
2, 3, 7, 12377
List the prime factors of 327665.
5, 13, 71
List the prime factors of 345904.
2, 13, 1663
What are the prime factors of 466029?
3, 53, 977
What are the prime factors of 2880560?
2, 5, 36007
List the prime factors of 974517.
3, 324839
What are the prime factors of 53462?
2, 26731
List the prime factors of 691241.
691241
What are the prime factors of 159678?
2, 3, 2957
What are the prime factors of 2484942?
2, 3, 414157
What are the prime factors of 214691?
214691
List the prime factors of 1408495.
5, 11, 25609
List the prime factors of 1784730.
2, 3, 5, 41, 1451
What are the prime factors of 170340?
2, 3, 5, 17, 167
List the prime factors of 335265.
3, 5, 7, 31, 103
What are the prime factors of 5206050?
2, 3, 5, 23, 503
What are the prime factors of 28508?
2, 7127
List the prime factors of 90985.
5, 31, 587
List the prime factors of 741606.
2, 3, 123601
List the prime factors of 26892017.
26892017
List the prime factors of 10902135.
3, 5, 726809
List the prime factors of 274564.
2, 83, 827
List the prime factors of 342429.
3, 114143
List the prime factors of 14171597.
11, 277, 4651
List the prime factors of 322399.
7, 11, 53, 79
What are the prime factors of 11229432?
2, 3, 467893
What are the prime factors of 2891656?
2, 181, 1997
What are the prime factors of 9292221?
3, 317, 3257
What are the prime factors of 346225?
5, 11, 1259
What are the prime factors of 1267809?
3, 17, 24859
What are the prime factors of 1254382?
2, 627191
List the prime factors of 1120216.
2, 31, 4517
List the prime factors of 5210356.
2, 31, 42019
What are the prime factors of 219321?
3, 8123
What are the prime factors of 275740?
2, 5, 17, 811
What are the prime factors of 61632?
2, 3, 107
List the prime factors of 121183.
179, 677
What are the prime factors of 8560854?
2, 3, 179, 2657
List the prime factors of 45077.
45077
List the prime factors of 23871.
3, 73, 109
List the prime factors of 844180.
2, 5, 42209
List the prime factors of 2099287.
2099287
What are the prime factors of 207363?
3, 13, 409
What are the prime factors of 6417196?
2, 1604299
List the prime factors of 1264437.
3, 46831
What are the prime factors of 7879258?
2, 857, 4597
What are the prime factors of 399134?
2, 199567
List the prime factors of 15415326.
2, 3, 285469
What are the prime factors of 2923827?
3, 31, 149, 211
List the prime factors of 713921.
13, 54917
What are the prime factors of 16918?
2, 11, 769
What are the prime factors of 1710231?
3, 570077
What are the prime factors of 1605460?
2, 5, 80273
What are the prime factors of 70349?
103, 683
List the prime factors of 3707678.
2, 13, 59, 2417
List the prime factors of 152309.
223, 683
List the prime factors of 229079.
277, 827
List the prime factors of 51852.
2, 3, 29, 149
List the prime factors of 9053485.
5, 7, 5279
List the prime factors of 1048746.
2, 3, 103, 1697
What are the prime factors of 180782?
2, 7, 37, 349
List the prime factors of 94129.
7, 17, 113
What are the prime factors of 14200055?
5, 83, 34217
What are the prime factors of 4327881?
3, 1442627
List the prime factors of 624206.
2, 11, 17, 1669
What are the prime factors of 83667?
3, 167
What are the prime factors of 14987905?
5, 127, 23603
List the prime factors of 67018.
2, 7, 4787
What are the prime factors of 881239?
19, 46381
What are the prime factors of 1971081?
3, 7, 10429
What are the prime factors of 3601767?
3, 13, 92353
List the prime factors of 2059032.
2, 3, 85793
List the prime factors of 5081386.
2, 2540693
List the prime factors of 2491151.
13, 191627
What are the prime factors of 396825?
3, 5, 11, 13, 37
What are the prime factors of 25547889?
3, 17, 79, 373
What are the prime factors of 293815?
5, 58763
What are the prime factors of 6142559?
17, 361327
List the prime factors of 870959.
307, 2837
List the prime factors of 1292838.
2, 3, 43, 5011
What are the prime factors of 473933?
37, 12809
What are the prime factors of 171976?
2, 7, 37, 83
List the prime factors of 5788274.
2, 19, 8017
What are the prime factors of 69097?
7, 9871
List the prime factors of 87876.
2, 3, 2441
List the prime factors of 324598.
2, 17, 9547
What are the prime factors of 616151?
19, 32429
List the prime factors of 1529847.
3, 11, 17, 101
List the prime factors of 1550148.
2, 3, 101, 1279
What are the prime factors of 358775?
5, 113, 127
What are the prime factors of 9431788?
2, 83, 28409
What are the prime factors of 285093?
3, 10559
What are the prime factors of 761984?
2, 5953
List the prime factors of 1085020.
2, 5, 54251
List the prime factors of 3781695.
3, 5, 61, 4133
List the prime factors of 3970417.
11, 360947
What are the prime factors of 813956?
2, 11, 13, 1423
What are the prime factors of 3322192?
2, 89, 2333
List the prime factors of 869026.
2, 389, 1117
List the prime factors of 21571307.
107, 449
List the prime factors of 58361.
17, 3433
What are the prime factors of 4648067?
4648067
What are the prime factors of 114245?
5, 73, 313
List the prime factors of 79553.
19, 53, 79
What are the prime factors of 26051?
109, 239
What are the prime factors of 4897870?
2, 5, 17, 47, 613
List the prime factors of 1086539.
67, 16217
List the prime factors of 3540626.
2, 1770313
List the prime factors of 1867582.
2, 293, 3187
What are the prime factors of 36853331?
17, 19, 71, 1607
List the prime factors of 1233410.
2, 5, 123341
List the prime factors of 21434681.
21434681
What are the prime factors of 310882?
2, 11, 13, 1087
List the prime factors of 340073.
340073
What are the prime factors of 22558?
2, 11279
List the prime factors of 10122424.
2, 13, 7487
What are the prime factors of 13379122?
2, 6689561
List the prime factors of 1735217.
11, 157747
List the prime factors of 18618576.
2, 3, 337, 1151
What are the prime factors of 22038?
2, 3, 3673
List the prime factors of 200566.
2, 17, 347
What are the prime factors of 38354504?
2, 193, 24841
List the prime factors of 12793993.
12793993
What are the prime factors of 412805?
5, 82561
What are the prime factors of 771366?
2, 3, 59, 2179
What are the prime factors of 9465598?
2, 839, 5641
What are the prime factors of 214435?
5, 13, 3299
List the prime factors of 27524918.
2, 13762459
List the prime factors of 13399505.
5, 7, 382843
What are the prime factors of 4332028?
2, 1083007
List the prime factors of 2573261.
2573261
List the prime factors of 99476.
2, 13, 1913
List the prime factors of 271884.
2, 3, 139, 163
List the prime factors of 63857.
63857
What are the prime factors of 53478?
2, 3, 2971
List the prime factors of 562880.
2, 5, 1759
What are the prime factors of 2415245?
5, 7, 151, 457
List the prime factors of 3640353.
3, 1213451
What are the prime factors of 2695375?
5, 21563
List the prime factors of 543385.
5, 108677
List the prime factors of 162942.
2, 3, 13, 2089
What are the prime factors of 664211?
664211
What are the prime factors of 4635059?
11, 13, 32413
What are the prime factors of 2192075?
5, 87683
List the prime factors of 125913.
3, 19, 47
What are the prime factors of 7811024?
2, 13, 17, 47
List the prime factors of 7410706.
2, 43, 86171
List the prime factors of 4914782.
2, 293, 8387
What are the prime factors of 365143?
17, 47, 457
What are the prime factors of 1136574?
2, 3, 233, 271
List the prime factors of 241701.
3, 80567
List the prime factors of 223542.
2, 3, 11, 1129
List the prime factors of 309873.
3, 103291
List the prime factors of 1658093.
23, 72091
What are the prime factors of 603470?
2, 5, 7, 37, 233
What are the prime factors of 2437905?
3, 5, 162527
What are the prime factors of 1081215?
3, 5, 8009
What are the prime factors of 14786350?
2, 5, 295727
List the prime factors of 167192.
2, 20899
What are the prime factors of 782596?
2, 97, 2017
What are the prime factors of 366284?
2, 91571
What are the prime factors of 7715175?
3, 5, 13, 41, 193
What are the prime factors of 1615095?
3, 5, 19, 1889
What are the prime factors of 15017?
15017
List the prime factors of 4548680.
2, 5, 113717
List the prime factors of 2029338.
2, 3, 112741
List the prime factors of 4174336.
2, 31, 263
List the prime factors of 849539.
849539
List the prime factors of 1517931.
3